{"id":56,"date":"2016-06-18T18:02:49","date_gmt":"2016-06-18T18:02:49","guid":{"rendered":"http:\/\/diplomaciafederativa.esy.es\/?page_id=56"},"modified":"2019-04-24T20:11:09","modified_gmt":"2019-04-24T23:11:09","slug":"assessoramento","status":"publish","type":"page","link":"https:\/\/cdf.direito.ufmg.br\/?page_id=56","title":{"rendered":"Assessoramento na elabora\u00e7\u00e3o de instrumentos internacionais"},"content":{"rendered":"<p style=\"text-align: justify;\"><div class=\"su-row\">\n<p style=\"text-align: justify;\">Os atos internacionais trabalhados pela cl\u00ednica s\u00e3o enquadrados em cinco tipos diferentes: memorandos de entendimento, protocolos de inten\u00e7\u00f5es, conv\u00eanios, acordos de coopera\u00e7\u00e3o e atos complementares de coopera\u00e7\u00e3o t\u00e9cnica decorrentes de acordos b\u00e1sicos firmados entre o governo brasileiro e organismos internacionais.<\/p>\n<p style=\"text-align: justify;\">Memorandos de entendimento s\u00e3o documentos normalmente utilizados para a consigna\u00e7\u00e3o dos pontos sobre os quais se progride na dire\u00e7\u00e3o do consenso, no decorrer do processo de negocia\u00e7\u00e3o de acordos bilaterais. N\u00e3o apresentam for\u00e7a vinculante, ou teor financeiro, em seu escopo, logo n\u00e3o trazem consequ\u00eancias jur\u00eddicas.<\/p>\n<p style=\"text-align: justify;\">Protocolo \u00e9 um documento introdut\u00f3rio que trata das futuras atividades a serem institucionalizadas por meio de conv\u00eanios. S\u00e3o celebrados no momento inicial de negocia\u00e7\u00e3o dos acordos bilaterais e n\u00e3o apresentam car\u00e1ter obrigacional assim como n\u00e3o tratam de mat\u00e9rias financeiras.<\/p>\n<p style=\"text-align: justify;\">A defini\u00e7\u00e3o de um conv\u00eanio, de maneira simplificada, \u00e9 um contrato bilateral firmado para garantir uma parceria em prol de um objetivo comum. Na administra\u00e7\u00e3o p\u00fablica brasileira os conv\u00eanios s\u00e3o assinados entre os \u00f3rg\u00e3os estatais e diversas institui\u00e7\u00f5es, podendo estas ser p\u00fablicas ou privadas.<\/p>\n<p style=\"text-align: justify;\">Em compara\u00e7\u00e3o a outros mecanismos, os Acordos de Coopera\u00e7\u00e3o s\u00e3o instrumentos apurados das rela\u00e7\u00f5es internacionais pois em um primeiro momento ja foram negociados como memorandos de entendimento para, s\u00f3 depois, serem efetivados como acordos de coopera\u00e7\u00e3o.<\/p>\n<p style=\"text-align: justify;\">Os Atos Complementares de Coopera\u00e7\u00e3o T\u00e9cnica s\u00e3o acordos caracter\u00edsticos celebrados entre entes federados e outros agentes internacionais. Esta \u00e9 uma modalidade de acordo que objetiva complementar, no \u00e2mbito paraestatal, um acordo internacional em vig\u00eancia firmado entre uma determinada Organiza\u00e7\u00e3o Internacional e a Uni\u00e3o.<\/p>\n<p style=\"text-align: justify;\"><\/div>\n","protected":false},"excerpt":{"rendered":"","protected":false},"author":1,"featured_media":0,"parent":0,"menu_order":0,"comment_status":"closed","ping_status":"closed","template":"","meta":{"footnotes":""},"class_list":["post-56","page","type-page","status-publish","hentry"],"_links":{"self":[{"href":"https:\/\/cdf.direito.ufmg.br\/index.php?rest_route=\/wp\/v2\/pages\/56","targetHints":{"allow":["GET"]}}],"collection":[{"href":"https:\/\/cdf.direito.ufmg.br\/index.php?rest_route=\/wp\/v2\/pages"}],"about":[{"href":"https:\/\/cdf.direito.ufmg.br\/index.php?rest_route=\/wp\/v2\/types\/page"}],"author":[{"embeddable":true,"href":"https:\/\/cdf.direito.ufmg.br\/index.php?rest_route=\/wp\/v2\/users\/1"}],"replies":[{"embeddable":true,"href":"https:\/\/cdf.direito.ufmg.br\/index.php?rest_route=%2Fwp%2Fv2%2Fcomments&post=56"}],"version-history":[{"count":0,"href":"https:\/\/cdf.direito.ufmg.br\/index.php?rest_route=\/wp\/v2\/pages\/56\/revisions"}],"wp:attachment":[{"href":"https:\/\/cdf.direito.ufmg.br\/index.php?rest_route=%2Fwp%2Fv2%2Fmedia&parent=56"}],"curies":[{"name":"wp","href":"https:\/\/api.w.org\/{rel}","templated":true}]}}